the highest common factor of 126 and 42.
42
Calculate the greatest common divisor of 209 and 3268.
19
Calculate the highest common divisor of 240 and 1980.
60
Calculate the highest common factor of 12 and 3732.
12
What is the highest common factor of 232 and 29?
29
What is the greatest common factor of 86 and 23306?
86
What is the highest common divisor of 223 and 19847?
223
Calculate the highest common divisor of 12 and 10704.
12
Calculate the greatest common factor of 12 and 2076.
12
What is the greatest common divisor of 506 and 1078?
22
What is the highest common factor of 74 and 185?
37
What is the highest common divisor of 28 and 16?
4
Calculate the highest common divisor of 7048 and 8.
8
What is the greatest common factor of 48 and 360?
24
What is the greatest common factor of 1769 and 29?
29
What is the greatest common factor of 2431 and 143?
143
Calculate the greatest common divisor of 1280 and 140.
20
Calculate the highest common divisor of 696 and 4.
4
Calculate the highest common divisor of 40 and 1370.
10
Calculate the greatest common divisor of 260 and 420.
20
Calculate the highest common divisor of 207 and 23.
23
Calculate the highest common divisor of 164 and 28.
4
What is the greatest common divisor of 18997 and 314?
157
What is the highest common factor of 18 and 3042?
18
Calculate the highest common factor of 341 and 279.
31
What is the highest common factor of 3096 and 24?
24
Calculate the highest common divisor of 20 and 320.
20
Calculate the greatest common factor of 948 and 24.
12
What is the greatest common factor of 128 and 7136?
32
Calculate the highest common divisor of 522 and 126.
18
What is the greatest common factor of 147 and 15?
3
Calculate the highest common factor of 76 and 14516.
76
Calculate the greatest common factor of 1845 and 18.
9
Calculate the greatest common factor of 11 and 5357.
11
Calculate the greatest common factor of 825 and 81.
3
Calculate the highest common factor of 7780 and 140.
20
Calculate the highest common divisor of 140 and 112.
28
Calculate the highest common divisor of 55 and 3355.
55
What is the greatest common factor of 170 and 5695?
85
What is the greatest common factor of 144 and 738?
18
Calculate the highest common divisor of 328 and 7708.
164
Calculate the greatest common factor of 37 and 1702.
37
Calculate the greatest common divisor of 51 and 119.
17
What is the highest common factor of 169 and 91?
13
What is the highest common factor of 21 and 21?
21
Calculate the highest common factor of 3077 and 85.
17
Calculate the highest common factor of 238 and 68.
34
Calculate the highest common factor of 247 and 95.
19
Calculate the greatest common divisor of 4977 and 18.
9
What is the highest common divisor of 16 and 292?
4
Calculate the highest common factor of 2508 and 24.
12
Calculate the highest common divisor of 308 and 77.
77
Calculate the greatest common divisor of 16 and 4328.
8
Calculate the greatest common divisor of 130 and 80.
10
What is the highest common factor of 17632 and 203?
29
What is the greatest common factor of 12 and 108?
12
Calculate the greatest common divisor of 54 and 13878.
54
What is the highest common divisor of 22656 and 384?
384
What is the highest common divisor of 120 and 372?
12
What is the greatest common divisor of 608 and 1064?
152
What is the greatest common factor of 25 and 280?
5
Calculate the greatest common factor of 16 and 88.
8
What is the greatest common factor of 18 and 8406?
18
Calculate the greatest common factor of 108 and 132.
12
Calculate the highest common factor of 511 and 7.
7
What is the highest common divisor of 418 and 88?
22
What is the greatest common factor of 275 and 33?
11
What is the highest common divisor of 56 and 10?
2
Calculate the greatest common divisor of 10592 and 32.
32
What is the highest common factor of 31 and 93?
31
Calculate the highest common factor of 4 and 32.
4
Calculate the greatest common factor of 1178 and 38.
38
What is the greatest common divisor of 109 and 54173?
109
Calculate the greatest common factor of 88 and 11.
11
Calculate the greatest common factor of 31 and 496.
31
Calculate the greatest common factor of 44 and 2453.
11
Calculate the greatest common divisor of 250 and 140.
10
What is the greatest common divisor of 448 and 350?
14
Calculate the greatest common factor of 5075 and 875.
175
Calculate the highest common divisor of 231 and 264.
33
What is the greatest common divisor of 406 and 28?
14
What is the greatest common divisor of 1296 and 144?
144
Calculate the greatest common factor of 80 and 530.
10
Calculate the highest common factor of 432 and 48.
48
What is the highest common factor of 156 and 884?
52
Calculate the greatest common factor of 3667 and 19.
19
Calculate the highest common divisor of 7182 and 1083.
57
What is the highest common divisor of 294 and 42?
42
What is the highest common divisor of 5775 and 1848?
231
What is the highest common divisor of 65 and 45?
5
What is the greatest common factor of 793 and 26?
13
What is the highest common divisor of 20 and 220?
20
Calculate the greatest common factor of 570 and 210.
30
What is the greatest common divisor of 16 and 18992?
16
What is the highest common divisor of 3068 and 78?
26
What is the highest common factor of 465 and 30?
15
Calculate the greatest common factor of 8 and 256.
8
What is the greatest common factor of 5015 and 255?
85
Calculate the highest common divisor of 11961 and 54.
27
Calculate the greatest common factor of 101 and 2525.
101
What is the greatest common factor of 1380 and 105?
15
What is the greatest common factor of 48 and 276?
12
What is the greatest common divisor of 397 and 4?
1
What is the greatest common divisor of 3668 and 28?
28
What is the greatest common factor of 132 and 561?
33
Calculate the greatest common factor of 443 and 18.
1
What is the greatest common factor of 38 and 7486?
38
Calculate the highest common divisor of 248 and 2573.
31
What is the greatest common divisor of 4 and 836?
4
What is the highest common factor of 60 and 228?
12
What is the highest common divisor of 745 and 80?
5
Calculate the highest common divisor of 176 and 308.
44
Calculate the greatest common divisor of 27 and 873.
9
Calculate the highest common factor of 24 and 57.
3
Calculate the highest common factor of 6472 and 40.
8
Calculate the highest common divisor of 13 and 12571.
13
What is the highest common factor of 1099 and 7?
7
What is the highest common divisor of 71 and 12709?
71
What is the greatest common divisor of 60 and 6780?
60
Calculate the greatest common divisor of 350 and 100.
50
Calculate the greatest common divisor of 490 and 5537.
49
What is the greatest common divisor of 189 and 287?
7
Calculate the greatest common factor of 152 and 8.
8
What is the highest common divisor of 104 and 26?
26
What is the highest common divisor of 423 and 36?
9
Calculate the greatest common factor of 96 and 174.
6
Calculate the highest common factor of 415 and 83.
83
What is the greatest common divisor of 240 and 320?
80
Calculate the highest common factor of 25 and 725.
25
Calculate the greatest common factor of 490 and 10535.
245
Calculate the highest common divisor of 51 and 595.
17
What is the greatest common divisor of 23 and 851?
23
Calculate the highest common divisor of 65 and 815.
5
What is the highest common divisor of 2183 and 118?
59
Calculate the highest common factor of 6 and 1344.
6
Calculate the highest common divisor of 1530 and 75.
15
What is the highest common factor of 5208 and 56?
56
What is the highest common factor of 1147 and 185?
37
Calculate the greatest common divisor of 104 and 7982.
26
What is the greatest common divisor of 34 and 7174?
34
Calculate the highest common divisor of 516 and 172.
172
Calculate the highest common divisor of 996 and 156.
12
What is the highest common factor of 156 and 1956?
12
What is the greatest common divisor of 172 and 14276?
172
Calculate the highest common divisor of 40 and 100.
20
Calculate the highest common divisor of 14 and 7.
7
Calculate the greatest common divisor of 850 and 200.
50
What is the greatest common factor of 555 and 15?
15
What is the greatest common factor of 23 and 1?
1
Calculate the highest common factor of 3392 and 53.
5